 + 2. Calculate i(t).
0
Let j(z) = z**3 - 2*z**2 + 2 + z**2 - 3*z - 6. What is j(3)?
5
Let u(o) = -13*o**3 - 6*o**2 - 3*o - 10. Let s(x) = 7*x**3 + 3*x**2 + 2*x + 5. Let n(y) = 11*s(y) + 6*u(y). Determine n(-4).
-5
Let c(g) = -g**3 - 5*g**2 - g + 1. Suppose -2*t - 4 = -0. Let w be 54/(-10) + t/(-5). Give c(w).
6
Let s(o) = o**3 + 3*o**2 - o + 1. Let z be s(-3). Suppose -a - z + 3 = 0. Let k(x) = -5*x**2 + x. Give k(a).
-6
Let m(d) = 3*d**2 + 2*d - 1. Let b(u) = -u**3 + 5*u**2 - 2*u + 6. Let t be b(5). Let g = t - -5. What is m(g)?
4
Let i(x) be the third derivative of -x**5/60 - x**4/4 - 2*x**3/3 + 31*x**2. Give i(-5).
1
Let p(v) = -v**2 - 2*v - 6. Let q(y) = -2*y**2 - 4*y - 13. Let k(w) = -9*p(w) + 4*q(w). Let h = 24 - 29. Give k(h).
17
Let q be (-3)/4 + (-20)/(-16). Let y(z) be the third derivative of q*z**3 + 5/24*z**4 + 0 + 2*z**2 - 1/15*z**5 - 1/120*z**6 + 0*z. Determine y(-5).
3
Let w(q) = -2*q**2 - 4*q - 3. Let p = 117 - 120. Determine w(p).
-9
Let l(r) = r**3 + 6*r**2 + 4*r - 3. Suppose -81 + 12 = 3*m. Let j be -1 + m + (2 - 0). Let s be j/4 + (-2)/(-4). Calculate l(s).
2
Let l(g) = -g + 13. Let s be l(0). Suppose -4*i - 5*o = -s, -2*o = -0*i + 2*i - 6. Let p(t) = -t**i + 5*t - 1 - 8*t + 2*t**2. What is p(3)?
-1
Let y be (-22)/12 - (-3)/(-18). Let r(v) = -3*v**2 + v + 1. Calculate r(y).
-13
Let u(l) = -2*l**2 - 6 - 3*l + 0 - 4*l + l**2. What is u(-5)?
4
Let n = 17 + -23. Let s(v) = -v**3 - 6*v**2 + 3*v. What is s(n)?
-18
Let m(y) = 4*y + y**2 + 2 + 0*y**2 - 2*y**2. Suppose -2*w - 33 = -3*w. Suppose -5*v - 13 = -w. What is m(v)?
2
Let d(t) = -t + 16. Let r be d(11). Suppose 3*h - r*h = -4. Let w(a) = -a**2 + 3*a - 2. Calculate w(h).
0
Let a(q) = q**3 - 7*q**2 + 9*q - 9. Suppose 22 = 5*r - 8. Give a(r).
9
Suppose 3*m = 5*m + 6. Let y(i) = i**2 + 2*i - 1. Let g be y(m). Let w(n) = 2*n**2 - 2. Calculate w(g).
6
Let a(q) = 2*q**3 + 0*q**2 - 1 - q + 0*q**2 - q**2. Suppose 3*t = -4*v + 4, -3*t + 20 = -4*v - 0. Suppose t*l = 20, 3*l + 5 - 15 = -5*c. What is a(c)?
-3
Let b be (0*2/4)/(-1). Let f be (10/(-15))/((-6)/27). Let h(w) = -w**2 + w + f + 2*w**2 + b*w - 2*w. Calculate h(0).
3
Let j(x) = -4*x - 9. Let k(t) = t + 2. Let p(y) = 2*j(y) + 9*k(y). Calculate p(3).
3
Let g(l) = 8*l**3 - 9*l**2 + 12*l + 12. Let k(s) = -3*s**3 + 3*s**2 - 4*s - 4. Let d(w) = -4*g(w) - 11*k(w). Give d(-4).
-4
Let k(v) = -v**2 - 6*v - 4. Let r be k(-4). Let y(c) = -1. Let a(q) = q - 6. Let z = -2 - -1. Let g(t) = z*a(t) + 6*y(t). Calculate g(r).
-4
Let b(x) be the second derivative of x**6/240 + 7*x**4/12 - 9*x. Let a(t) be the third derivative of b(t). Give a(-2).
-6
Let p(o) = -2*o**3 + 2*o**2 + o + 1. Let w be 15/10 + 1/2. Determine p(w).
-5
Let q(a) be the third derivative of -a**5/60 - a**4/3 - a**3/6 - a**2. Calculate q(-4).
15
Let j(f) = 22*f - 3. Let z(a) = 7*a - 1. Let v(i) = 2*j(i) - 7*z(i). Let l(p) = p**2 - p + 1. Let y be l(0). What is v(y)?
-4
Let o(z) = -z**3 - 5*z**2 + 4*z - 4. Let d be (-52)/10 - (-8)/(-10). What is o(d)?
8
Let w = 114 + -110. Let v(m) = -1 - m**2 - 3 + 4*m + 2*m. What is v(w)?
4
Let a(j) be the third derivative of j**6/120 + j**5/60 - j**3/6 - 5*j**2. Determine a(1).
1
Let a(l) be the third derivative of -l**4/8 - l**3/6 - 11*l**2. What is a(2)?
-7
Let p(f) = 3*f - 21. Let a(q) = 4*q - 26. Let v(o) = 4*a(o) - 5*p(o). Let d be (-2)/(-5) - (-18)/5. Determine v(d).
5
Let c(z) = 15*z + 4. Let p(w) = 7*w + 2. Let o(v) = -2*c(v) + 5*p(v). Calculate o(-2).
-8
Let l(d) be the third derivative of d**6/120 - d**5/12 + d**4/12 + 5*d**3/6 + 3*d**2. Let y(k) = -2*k. Let x be y(-2). What is l(x)?
-3
Let n(r) = -r**3 - r**2 + r + 5. Suppose 3*g = 4*w + 12, 0 = 3*w - 4*w - 5*g + 20. Calculate n(w).
5
Let y(t) be the first derivative of t**2 - t - 6 + 2/3*t**3. Determine y(1).
3
Let l(b) = b**2 + 7*b + 7. Suppose -u = 1 + 4. Determine l(u).
-3
Let s(q) = q**3 + 7*q**2 + 7*q. Let x = 2 - -7. Suppose c = 3 - x. Determine s(c).
-6
Let k be 4 - (3 + -1) - 0. Let u(l) = -14*l**3 + l + 0 + 15*l**3 - 4*l**k - 3. Determine u(4).
1
Let c(t) = -t. Let s = -4 + 8. Let b be c(s). Let p(f) = -5*f**3 + 4*f**2 + 1. Let z(w) = 11*w**3 - 8*w**2 - 3. Let h(r) = 13*p(r) + 6*z(r). What is h(b)?
-5
Let u be 3/((-5)/(-2) + -1). Let i(k) = k**2 + 2*k. Let g(x) = 6*x**2 + 11*x. Let y(s) = 2*g(s) - 11*i(s). What is y(u)?
4
Let j(d) be the second derivative of d + 1/12*d**4 + 0*d**2 + 0 + 1/24*d**5 + 1/3*d**3 + 1/180*d**6. Let o(k) be the second derivative of j(k). What is o(-3)?
5
Let b(j) = -j + 4. Let f be b(-1). Let h(y) = -y + 10. Calculate h(f).
5
Let g(r) be the second derivative of 1/2*r**2 - r + 2/3*r**3 + 0. Suppose -5*k = 7*k - 12. What is g(k)?
5
Let g(l) be the second derivative of 7*l + 0*l**2 + 1/2*l**3 + 0. What is g(2)?
6
Let k(a) be the second derivative of a**5/20 + a**4/12 - a**3/6 - a**2 + a. Let b be k(0). Let v(o) = o**2 + o + 4 - 4. Calculate v(b).
2
Suppose 0 = f + f + 8. Let d(y) = y**3 + 3*y**2 - 3*y. What is d(f)?
-4
Let u = -23 - -27. Let d(i) = i**3 - 4*i**2 - 5. Give d(u).
-5
Let p(b) = 3*b**3 - b**3 - 3*b**3 + 3 - b**2. Suppose -q + 5 = 0, 5*h + q - 5 = h. What is p(h)?
3
Let d(g) = g - 2. Suppose 0 = -2*r + 3*x + 19, 3*x + 7 = 5*r - 27. Give d(r).
3
Let k(d) = 3*d + 3. Let t(w) = 2*w - 13. Let p be t(10). What is k(p)?
24
Let x be 24/30*15/(-2). Let r = x - -8. Let v(d) = -2 + 0*d + 1 + d**r - 2*d. What is v(-1)?
2
Let o(n) be the third derivative of -n**4/24 + 5*n**3/6 + 17*n**2 + 1. Suppose 0 = 2*g - 7*g - 5. Let a = -6 - g. Determine o(a).
10
Let m(z) = z + 3. Let r(c) be the second derivative of c**5/20 - c**4/4 - c**3 + 2*c**2 + 3*c. Let j be r(4). What is m(j)?
-1
Let k(d) = d + 5. Let a(j) = j + 4. Let q(o) = 3*a(o) - 2*k(o). Let t = 1 + 4. Let f be 64/10 - 2/t. Give q(f).
8
Let u be -10 - (-2 - 2)/(-4). Let o = -15 - u. Let l(z) = -z**2 - 3*z - 2. What is l(o)?
-6
Suppose -3*o - 7 = 2*v - 0*o, -v + 9 = -o. Let l(t) = 10*t + 1. Let g(a) be the first derivative of -a**2 + 1. Let q(m) = -11*g(m) - 2*l(m). Calculate q(v).
6
Suppose -4*w - 2*a - 10 = 0, -a + 6 + 17 = -5*w. Let h(k) = 3*k - 3. Let c(g) = -2*g + 2. Let z be -6*1 + 3/3. Let u(m) = z*h(m) - 8*c(m). Give u(w).
-5
Let n be (-50)/(-8) - (-1)/(-4). Suppose 0 = -3*r + r + n. Suppose r*z + 3 + 0 = 3*l, -l = 5*z - 19. Let y(i) = i**2 - 5*i + 2. What is y(z)?
-4
Let y(u) be the first derivative of -u**2/2 - 11*u + 1. Suppose -4*n = -2*n - 6. Suppose 4*l + 37 = 3*a + 4, 0 = n*l - 2*a + 24. Determine y(l).
-5
Let i(h) = -h**2 + 8*h - 7. Let r be i(2). Let x(m) = 10*m + 14. Let z(g) = g + 1. Let n(w) = x(w) - 12*z(w). Give n(r).
-8
Let x be -2 + 0*(-3)/(-9). Let z(c) = 2*c**2 + 3*c. Let k be z(x). Let b(o) = 7*o - 6*o**k + 2*o**2 - 2*o**2 + o**3 - 5 + o**2. Determine b(4).
7
Let n(i) = i**3 - 7*i**2 - 4. Let f be 3/(((-21)/2)/(-7)). Suppose 35 = 3*x + f*x. What is n(x)?
-4
Let p(o) be the second derivative of -o**5/30 + o**4/8 - o**3/6 - o**2 + 3*o. Let z(u) be the first derivative of p(u). Calculate z(3).
-10
Let i(j) be the first derivative of j**2/2 - 7*j + 9. Suppose 4*n = 4, -n + 5*n = -r + 9. Calculate i(r).
-2
Let y(c) = 3 + 5 + 3*c - 4. Let a(v) = 3*v + 3. Let h(j) = 6*a(j) - 5*y(j). What is h(2)?
4
Let n = -8 - -8. Suppose -2*o + 1 = -4*k - 5*o, n = -5*k + 4*o - 40. Let z(i) = i + 7. Give z(k).
3
Let t be ((-10)/(-6))/((-9)/(-27)). Let k(j) = -j + 6. Determine k(t).
1
Let n(c) = -c**3 + 4*c**2 - c - 2. Let u = 7 + -4. Suppose 10 = -u*o - g, 2 + 0 = g. Let d(f) = -2*f - 5. Let t be d(o). What is n(t)?
4
Let r be (-8)/48 - 13/(-6). Let o(x) = -3*x + 5*x + 0*x + r. Calculate o(-2).
-2
Let t(o) = o**2 - 3*o. Let y = 64 - 61. Calculate t(y).
0
Suppose -7*v = -3*v + 20. Let b(d) = d + 5. Give b(v).
0
Let i(q) = q**3 + 8*q**2 + 7*q. Let r = -159 - -152. Calculate i(r).
0
Let j(h) = -h**3 + 8*h**2 - 7*h + 3. Let r(o) = 6*o + 13. Let q be r(-1). Determine j(q).
3
Let d(z) = -z - 2. Let o be (1/(-2))/((-3)/6). Let w = o - 4. Give d(w).
1
Let l(t) = t - 5. Let r be l(6). Let o = r + -3. Let h(y) = y**3 + 3*y**2 + 2*y - 2. Calculate h(o).
-2
Let w(z) = -9*z**2 + 6*z + 7. Let o(b) = -9*b**2 + 7*b + 8. Let m(f) = 6*o(f) - 7*w(f). Give m(-1).
8
Let d(h) = -6*h + 2 + 2*h + 8*h. Calculate d(-2).
-6
Let n(u) = u**2 + 11*u + 3. Let z(k) = -4*k**2 + 3*k**2 - k - 3 - 9*k. Let x(b) = 6*n(b) + 7